Suppose j = -0*j + 4. Suppose z + 5*f = -25, 0 = -3*z + f + j*f + 5. Let l(x) = 2*x**2 + 6*x. Determine l(z).
20
Let x(i) = -12*i - 1. Suppose 2*g - 6 = 3*a, -5*g - 8 = -a + 3. Let s be g + 2 + (-5 - -4). Give x(s).
23
Let c(r) = 20*r**2 - 36*r + 11. Let w(q) = 7*q**2 - 12*q + 3. Let b(j) = -6*c(j) + 17*w(j). Give b(10).
5
Let w(d) = -2*d - 16. Suppose 0 = 36*u + 19 + 89. What is w(u)?
-10
Suppose 8*c + 7 = 10*c - r, -2*c = -4*r - 16. Let w(h) = -3*h**3 + 5*h**2 + 10*h - 10. Let k(z) = z**3 + z**2 + 1. Let o(g) = c*k(g) + w(g). Calculate o(8).
8
Let i = -53 - -62. Let f(s) = 2*s + 2. Determine f(i).
20
Let x(s) be the second derivative of -2/3*s**3 + 0 - 1/20*s**5 + 3/2*s**2 + 20*s + 1/6*s**4. Suppose -l = 3*r - 1, 0 = 5*r - 4*l - 32 + 2. Calculate x(r).
-5
Suppose 0 = -0*f - f - u + 2, 8 = 3*f + 4*u. Let w(s) be the second derivative of -2*s + f + 1/2*s**3 - 1/12*s**4 - 5/2*s**2. Give w(4).
-9
Let g = 238 + -249. Let b(f) = -f**3 - 10*f**2 + 11*f. Calculate b(g).
0
Suppose -5*x = -4*h - 35, -3*h + 3*x = 6*x + 33. Let g(c) = -3*c - 15. Calculate g(h).
15
Let q(p) = -25*p - 84. Let j(u) = 5*u + 19. Let m(l) = -11*j(l) - 2*q(l). Calculate m(-8).
-1
Let b(q) be the third derivative of -1/24*q**4 + 0 - q**3 - 1/40*q**5 + 0*q - 6*q**2 + 1/360*q**6. Let f(k) be the first derivative of b(k). Determine f(5).
9
Let b(o) = 21*o - 13. Let y(d) = -4*d + 1. Let j(m) = b(m) + 5*y(m). Give j(5).
-3
Suppose -m - 2*m = -9. Let b(h) = 6*h - 8. Let x(v) = -7*v + 7. Let p(n) = -4*b(n) - 5*x(n). Let l(w) = 5*w - 1. Let g(j) = -9*l(j) + 4*p(j). Calculate g(m).
-6
Let t(d) = -d**3 + 8*d**2 - 17*d + 143. Let m be t(8). Let p(n) = 7*n + 1. What is p(m)?
50
Suppose 5 = 2*z - 5. Let w(c) = -15*c**2 + 15*c + 3. Let y(p) = 13*p**2 - 14*p - 2. Let b(l) = -6*w(l) - 7*y(l). Determine b(z).
11
Let h = -66 - -68. Let x be 7/4 - (-1)/4. Let j(v) = -v**x + v - 3*v**2 + 3*v**h + 2*v. Give j(3).
0
Suppose -98*o + 23 = -369. Let t(z) = 7*z + 8. Determine t(o).
36
Suppose -9*s + 3*v = -6*s - 9, -2*v = -s + 7. Let h(k) = -k - 4*k + 0*k. Calculate h(s).
5
Let z(u) = u**3 - 3*u**2 - 9*u - 8. Let a be z(5). Let k(o) = 2*o**3 + 4*o**2 + o - 4. What is k(a)?
-25
Let p(n) = -2*n**2 - 3*n + 1. Let b(l) = -2*l**2 - 2*l + 1. Let g(w) = 2*b(w) - 3*p(w). Let d(j) = -2*j**3 - 5*j**2 + j + 2. Let k be d(1). Calculate g(k).
11
Let l(d) be the first derivative of d**4/2 + d**3 - 5*d**2/2 - 3*d - 99. What is l(-3)?
-15
Let j(p) = -7*p**2 - 7*p + 21. Let a(i) be the third derivative of -i**5/20 - i**4/6 + 5*i**3/3 + 12*i**2. Let w(y) = 9*a(y) - 4*j(y). Determine w(7).
-1
Let j(u) be the second derivative of -u**4/12 - u**3 + u**2/2 + u. Suppose 6 = -2*c - 2*z, -5*c = -z + 10 + 5. Give j(c).
10
Let w(h) be the first derivative of -1/3*h**3 - 39 + 12*h + 1/2*h**2. Calculate w(0).
12
Let f(x) = 2*x + 1. Let h(d) = -5*d - 3. Let q(m) = -7*f(m) - 3*h(m). Suppose 0 = 49*z - 75 - 121. What is q(z)?
6
Suppose 10 = -2*z - 0*z. Let y(l) = 8*l**2 - 7 - 9*l**2 - 4 - 4*l + 10. What is y(z)?
-6
Let o(k) be the third derivative of -k**5/60 + k**4/8 - 7*k**3/6 - 769*k**2. What is o(5)?
-17
Let o(y) = -100*y**2 + 13*y - 13. Let t(j) = -46*j**2 + 6*j - 6. Let a(v) = -6*o(v) + 13*t(v). Suppose i = 6 - 3. Let d = -2 + i. Give a(d).
2
Let x(l) = 7*l**3 - 6*l**2 + 4*l - 3. Let q(w) = -9*w**3 + 6*w**2 - 4*w + 3. Let t(s) = -3*q(s) - 4*x(s). Calculate t(5).
8
Let v(p) = 294*p - 3*p**3 - 146*p - 150*p + 2*p**3 - 4 + 3*p**2. Suppose -2*l = -o + 11, 2*o + 11 = 7*o + l. Determine v(o).
-10
Suppose 19*f = 78 + 131. Let p(l) = -l**2 + 12*l - 16. Calculate p(f).
-5
Let x(n) be the third derivative of n**6/120 + 2*n**5/15 + n**4/4 - 2*n**3 - 199*n**2. What is x(-7)?
-5
Let g(t) = -1 - 13 - 4 + 2*t**2 + 23 - 8*t. What is g(5)?
15
Let w(a) be the third derivative of a**4/24 - 3*a**3/2 - 8*a**2 + 7. What is w(3)?
-6
Suppose 3 + 2 = t. Suppose 5*x + u + 15 = 0, -4*u = -t*x + 14 - 54. Let s(g) = 2*g**2 + 6*g + 1. Calculate s(x).
9
Let u(s) be the second derivative of -s**3 + 0 + 16*s - 1/12*s**4 - 1/2*s**2. Determine u(-6).
-1
Let y(t) = 3*t**2 - 7*t + 19. Let w(o) = -4*o**2 + 6*o - 20. Let l(v) = -4*w(v) - 5*y(v). Determine l(-13).
11
Let k(y) be the first derivative of -y**6/60 + y**5/20 - y**4/8 + y**3/6 - 2*y**2 - 6. Let g(p) be the second derivative of k(p). What is g(2)?
-9
Let w(d) = -20*d + 8*d + 2 + 12 + 8*d. What is w(7)?
-14
Let o(j) = -j**2 + 8*j + 8. Let s be o(7). Let q = s + -10. Suppose q = -i - 0*i, 0 = 5*t - i - 25. Let g(w) = w**2 - 4*w + 6. Calculate g(t).
6
Let j(b) = -b**3 + 6*b**2 + 5*b + 14. Let d = 1340 + -1333. What is j(d)?
0
Let p = 12 + -9. Let y be p + ((-4)/4 - -11). Suppose 0 = -y*b + 15*b + 10. Let t(l) = l**2 + 4*l - 2. Determine t(b).
3
Let p(g) be the third derivative of g**5/120 + g**4/8 - 5*g**3/6 + 2*g**2. Let t(w) be the first derivative of p(w). Give t(0).
3
Suppose -4*u - 4*d + 32 = -u, -u - 3*d = -19. Let c(x) = -17*x**2 + 2*x - 5. Let f(b) = b**2 + 1. Let m(q) = u*f(q) + c(q). Give m(1).
-12
Let q(i) = -2*i - 3. Suppose k = 2 - 2. Suppose -14 = 2*o - k*o. Give q(o).
11
Let s(t) = -t**2 - t + 1. Let j(a) = -2*a**2 + 10*a + 1. Let g(r) = j(r) - s(r). Let c be 0 + (-15)/(-10) - 95/(-10). Give g(c).
0
Let z(w) = w - 8. Let m be z(7). Let b = m + 5. Let u(x) = -3*x**2 - x - 3. Let c(o) = 5*o**2 + 4*o + 8. Let v(i) = -c(i) - 2*u(i). Give v(b).
6
Let c(q) = -q + 3. Let t(w) = -w**2 + 3*w. Let y be t(2). Let l be y + 2 - (-1)/(-1). Give c(l).
0
Let v(w) = 60*w - 661. Let j be v(11). Let u(d) = 58*d**3 + 2*d**2 + 2*d + 1. Determine u(j).
-57
Let b(y) = -y**3 - 6*y**2 + 9*y + 9. Let w = 259 - 266. Determine b(w).
-5
Let f(j) = 13*j - 14*j + 14 + 14 - 31. What is f(-9)?
6
Let f be 1 + 1*-2 + -14. Let y(p) = -12*p - 24. Let n(a) = -4 - 16*a + 0 + 13*a - 2. Let w(g) = f*n(g) + 4*y(g). Give w(-4).
6
Let n(s) = -s**3 + 2*s**2 + 4*s + 1. Let v = -825 + 828. What is n(v)?
4
Let z(b) = 22*b - 4. Let f be z(2). Suppose f = 8*q - 3*q. Let h(p) = p**3 - 8*p**2 - p + 5. Let d be h(q). Let g(l) = l**3 + 4*l**2 + 2*l + 2. Determine g(d).
5
Let d(v) be the third derivative of 1/6*v**4 + 1/2*v**3 + 0 - 6*v**2 + 0*v. Determine d(-3).
-9
Let f(j) = -j**3 + 10*j**2 + 13*j. Let u be f(11). Let r = u + -19. Let z(t) = r*t + 4 - 5 + 3 - 1. Calculate z(2).
7
Let i(b) = 21*b - 12*b - 2 + 1 - 7*b. Give i(-4).
-9
Suppose 6*o = 13*o + 35. Let t(q) = q**3 + 4*q**2 - 7*q - 4. Give t(o).
6
Let z(b) = b + 6. Let q be z(-3). Let y(t) = -3*t**2 - 3*t - 3*t**3 - t**2 + 0*t**q + 2*t**3 - 2. What is y(-3)?
-2
Let l(s) = -s - 1. Let g be l(5). Let b be 2*3/g + 3. Suppose 5*i - 4*o = -46, -8 = -b*i + 6*i + 4*o. Let q(m) = -2*m - 7. Give q(i).
5
Let q(d) = 3*d**2 - 77*d + 51. Let x be q(25). Let v(g) = 4*g. Give v(x).
4
Let t(g) = -g**2 - 2*g - 1. Let s = 19 + -11. Suppose -s*v - 10 = -3*v. Determine t(v).
-1
Let d(q) = -q**2 - 10*q + 6. Suppose 40*l - 55*l - 165 = 0. Determine d(l).
-5
Let b(s) = -11*s + 7. Let v(c) = 2*c - 1. Let q(g) = 6*b(g) + 34*v(g). Suppose -2 = n + f, 0*f - 30 = 5*n + f. Calculate q(n).
-6
Let v(j) = 3 + 11*j - 22*j + 12*j - 2. Give v(2).
3
Let k(h) = -9*h - 9 + 3*h**2 + 4 + 7*h - 4*h**2. Determine k(-4).
-13
Let h(q) = -2*q - 7. Let v be h(-5). Suppose -2*r + r = -v. Let d(n) = -1 - 5 - 4*n**2 + n + n**3 + 3. Calculate d(r).
-9
Let g(z) = -z + 151*z**2 + 2*z + 2*z**3 - 150*z**2 - z**3 - 14. Give g(0).
-14
Let h(l) = -l**3 + 8*l**2 - 6*l - 6. Let p(a) = a**2 - 27*a + 189. Let r be p(14). Determine h(r).
1
Let p(b) = b**3 - 15*b**2 + 14*b - 2. Suppose -532 = -38*v - 0. Determine p(v).
-2
Let j(r) = -3*r + 3. Suppose 5*a - 10 = 5. Let m be j(a). Let n(h) = -h**3 - 11*h**2 - 2*h + 2. Let o(p) = -p**2 + p - 1. Let s(c) = -n(c) + 4*o(c). Give s(m).
-6
Let t(i) be the first derivative of 1 - 1/2*i**2 - 7*i. Let y be (0 + 2)/(3/9). Give t(y).
-13
Let r(y) = -46*y - 15 + 27*y + 24*y. Give r(4).
5
Let j(z) = z + 4. Let t be 27/36 + 35/(-4). Let g be j(t). Let k be (7 + g - 6) + -3. Let o(x) = x**2 + 7*x + 5. What is o(k)?
-1
Let o(m) = -m + 5. Suppose 5*q + 7 = -2*c + 18, 0 = 3*q - c - 11. What is o(q)?
2
Let u(k) = -2*k - 1. Let f(s) be the first derivative of s**3/3 - 3*s**2/2 + s - 83. Let z be 2/5 - 16/(-10). Let g be f(z). Give u(g).
1
Let q(l) = l. Let p be (-2)/(-6)*5*-3. Let g be q(p). Let c(u) = u. Let n(t) = 2*